2073)/(-9) - 0 - w/12?
3
Suppose 4*r = -3*c + 1, 3*c - 6 = 2*r + 7. Suppose -3*y + 3 = 0, 5*q + c*y + 8 = 21. Suppose 3*p = q*p + 32. What is the units digit of p?
2
Let x = 2429 - -2005. What is the thousands digit of x?
4
Let m = -144 + -102. Suppose -z - 382 = -j + 2*z, 1196 = 3*j + z. Let i = m + j. What is the tens digit of i?
5
Let k(s) = -796*s - 4257. What is the units digit of k(-21)?
9
Suppose 3*t + 9 = 0, 1 = -5*m + 4*t + 88. Let n be (-10)/(-6) - (-5)/m. What is the units digit of (5/6*n)/(4/36)?
5
Let s(v) = 53*v**2 - 33*v + 24. What is the units digit of s(-5)?
4
Let y(w) = -w**2 + 8*w + 3. Let p be y(8). Let m(g) = -g**3 - 4*g - 4*g**2 + g - g**2 + p + 4*g. What is the tens digit of m(-6)?
3
Suppose -5*i + k + 4 = 0, -4*i - 2*k - 12 = -4. Suppose -12*w + 756 = -i*w. What is the tens digit of w?
6
Suppose 3*w + 1 - 7 = -p, -5*p = w - 2. Suppose p = 11*m - 4020 - 3658. What is the tens digit of m?
9
Suppose 2*n - 20 = -3*n. Suppose -5*m - 2*w - n = -m, -2*m + 6 = 5*w. What is the hundreds digit of (-1356)/36*(-1 + m)?
1
What is the ten thousands digit of (304819/914)/(3/174*1)?
1
Let n(h) = 52*h - 10. Let p(l) be the first derivative of -26*l**2 + 9*l + 18. Let f(z) = 5*n(z) + 6*p(z). What is the units digit of f(-2)?
8
Let u = 43 - 84. What is the hundreds digit of u/(-82) + 1606/4?
4
Suppose 3*h = 106 + 5168. Suppose -5*q + 1754 = 3*n, -3*n - 2*q + h = q. What is the tens digit of n?
8
Let x be (-2)/28*-2 + 118/7. Suppose -2*y - x = -5. Let h = 99 + y. What is the units digit of h?
3
Let i(m) be the first derivative of -12*m**2 + 62*m - 49. What is the hundreds digit of i(-19)?
5
Let r(u) = 27*u**2 - 25*u - 786. What is the hundreds digit of r(-25)?
7
Let c = -127 - -106. What is the tens digit of (-8)/(-28) - 4593/c?
1
Suppose 5*h - 2*h + 4*m = 23, -3*m + 1 = h. Let n(z) = -1 + z**2 - 2*z + h + 2*z**2. What is the units digit of n(5)?
7
Let u be -5033*(-5)/(-25) + 3/5. What is the hundreds digit of (0 + 8 - 11)*u/6?
5
Let l = -59 - -61. Suppose -4*k = -r + 2*r - l, 2*k = -3*r + 16. What is the hundreds digit of (4/r)/(5/1305)?
1
Let d be (-5594 + -1)/(-3) - (7 + -6). Suppose -9*j = -13*j + d. What is the units digit of j?
6
Suppose 0 = -388*b + 390*b - 20686. What is the ten thousands digit of b?
1
Suppose 10*z - 8*z - 3*q = 78, 4 = -2*q. Suppose -13*h + 14*h + z = 0. What is the tens digit of 8/h + (-2200)/(-18)?
2
Let g(d) = 24*d**2 + 7*d + 1354. What is the units digit of g(-35)?
9
Let b(l) = -29 + 722*l + 719*l + 215*l**2 - 1454*l. What is the units digit of b(-2)?
7
Suppose d = 2*v + 23562, 0 = 3*d - 3*v + 719 - 71393. What is the thousands digit of d?
3
Let d(x) = 3*x**3 - 12*x**2 - 1. Let z be d(4). What is the units digit of 22106/(-21)*(z + 4/(-8))?
9
Suppose 0 = 43*s - 40*s + 3, -3*n - 4*s = -8. Suppose 1869 = n*z - 1739. What is the units digit of z?
2
Let b(m) = -11*m**2 + 8*m + 443. Let h(u) = 9*u**2 - 7*u - 443. Let w(p) = -5*b(p) - 6*h(p). What is the tens digit of w(0)?
4
Let b = -578 + 1026. What is the units digit of 241640/b - 6/16?
9
Let s = -16215 - -33879. What is the ten thousands digit of s?
1
Let b(z) = -56*z - 31. Suppose 3*q - 5*n + 20 = 2, -n = -2*q - 12. What is the units digit of b(q)?
5
Let x(t) = 2*t**2 - 19*t + 25. Let b be 3*(-5)/(-6)*16/5. Let s be x(b). What is the units digit of (-81)/(-9)*s/((-2)/(-10))?
5
Let c(k) = 3*k**2 + 4. Let w be c(2). Suppose 18*y - 1390 = w*y. What is the hundreds digit of y?
6
Suppose 14*v - 3*v - 55882 + 7647 = 0. What is the hundreds digit of v?
3
Let k(v) = 113 + 44*v + 41*v**2 + 5*v - 180 - 14*v. What is the hundreds digit of k(2)?
1
Suppose -c - 5*t = -140, -4*t + 2*t = -10. Suppose 0 = 13*i - 15*i + 12. What is the hundreds digit of c - 8 - (i - 2)?
1
Suppose 18*q - q = -21023 + 597442. What is the thousands digit of q?
3
Let w(u) = 8*u - 24. Suppose 4*m = -5*o + 23, 15 - 2 = 5*o - m. Let i(p) = 6*p**2 - 14*p + 4. Let q be i(o). What is the tens digit of w(q)?
0
Let i(l) = l**3 + 48*l**2 + 352*l - 28. What is the tens digit of i(-35)?
7
Suppose 2*n = -f + 3773, 5*f + 5*n = 8174 + 10671. Suppose 0 = 20*x - f - 6075. What is the units digit of x?
2
Let j = -20683 + 39938. What is the thousands digit of j?
9
Let n be (31 + -31 - (-1576)/(-6))*-63. Suppose -t + 22*t - n = 0. What is the hundreds digit of t?
7
Let v(p) = 2*p + 348. Let w be 3/6 + 2/(-4). Let h be v(w). Suppose 3*q - 4*b - h = 0, -4*q - 5*b + 464 = -4*b. What is the tens digit of q?
1
Suppose -5*t = -513 + 1613. Let f = 17 - t. What is the units digit of f?
7
Suppose -17*g + 57942 = -13*g + 5*d, -5*g + 4*d + 72448 = 0. What is the tens digit of g?
8
Let s = 635 + -155. Suppose l - 508 - s = -5*y, 5*l + 2*y - 4825 = 0. What is the hundreds digit of l?
9
Suppose 0 = g + 5*b - 5472, 0 = 128*g - 132*g - b + 22002. What is the thousands digit of g?
5
Let y be 10/25 - -12*8/60. Suppose 5*s = y*c - 855, 0*c = -4*c + 5*s + 1685. What is the units digit of c?
5
Let v(m) = -m**3 + 17*m**2 - 27*m - 43. Let b be v(15). Suppose 0 = -3*w - 3*x + 1998, -b*x - 200 = -3*w + 1783. What is the units digit of w?
3
Let g = 163 - 328. Let j be (-19)/((-152)/8)*263/1. Let f = g + j. What is the units digit of f?
8
Let c be (-30 + 2 - 2)/(-1). Suppose c*i - 26*i = 1256. Let s = -187 + i. What is the units digit of s?
7
Let f(z) = 41*z**2 - 54*z + 93. What is the thousands digit of f(-17)?
2
Let i = -16 - -29. Let q be (27/(-12) - -2) + i/4. Suppose -40 = -q*a - z, -2*a - 2*z + 30 = -2. What is the tens digit of a?
1
Let f = 2184 - 1193. Suppose -4*y + 2*m + 1892 = 0, -2*m + 893 + f = 4*y. Suppose 2*r + 3*u = 316, 0 = 3*r + 3*u + u - y. What is the tens digit of r?
5
Let b be -77 + (-5 - (-3 + 1)). Let f = -37 - b. What is the units digit of f?
3
Let g = 3748 - 3164. What is the units digit of g?
4
What is the tens digit of (-540)/18 + 1056 + -1 + -5?
2
Let s(h) = -4641*h - 1090. What is the hundreds digit of s(-6)?
7
Let c be 10067 + (-4 - 3*(-3)/9). Suppose -50*w + c = -33*w. What is the tens digit of w?
9
Suppose 3*i - 3 = -0*i - 4*m, -2*i - 3*m = -1. Suppose -2*z + 1325 - 348 = -i*a, 3*z + 2*a = 1475. What is the units digit of z?
1
Let u be ((-6)/(-5))/((-24)/(-10320)). Suppose -u + 119 = -h. What is the hundreds digit of h?
3
Let n = 422 - -80. Let q = n + 321. What is the units digit of q?
3
Let z(w) = 147*w + 90. Let h(l) = -2*l - 2. Let i(r) = -18*h(r) - 2*z(r). What is the thousands digit of i(-7)?
1
Suppose 5*w + 0*w - 59368 = 4*m, -m = 2*w - 23755. What is the ten thousands digit of w?
1
Let o(a) = a + 1. Let l(j) = 9*j - 14. Let s be 0 + (2 + -1)*(-4)/(-4). Let u(g) = s*l(g) - 2*o(g). What is the units digit of u(7)?
3
What is the units digit of 7 - 393/(-4 - 216/(-56))?
8
Suppose 4*p - 4*m - 52 = -0*p, -2*m = 5*p - 65. Let z(l) = 7*l**2 - 8*l - 39. What is the hundreds digit of z(p)?
0
Suppose j = 7*h - 3*h - 2706, 3*h = 4*j + 2036. Suppose p = -4*u + 544, -h = -5*p + 4*u + 2068. What is the hundreds digit of p?
5
Let k be 320/12 - -1 - (-4)/(-6). Suppose k*m - 21155 = 16969. What is the units digit of m?
2
Suppose -18*l = -17*l - 11628. Suppose 24*u - 15*u - l = 0. What is the tens digit of u?
9
Let m(r) = r**2 - r - 4. Let c be m(0). Let b be (-5)/10*2*c. What is the units digit of ((-494)/(-95))/(b/10)?
3
Let r be (-1)/(-1)*(-3)/(-1). What is the units digit of 6 - r - (0 - 216)/9?
7
Suppose 2*u + 12 = q, q - 3*u - 7 = -2*u. Suppose q*x - 4*s = 8, 2*x = -x + 4*s + 6. What is the units digit of (-40)/(-1) - (3*x + 4)?
2
Let r = 18 + 33. Let d = r - 43. Suppose d*f + 162 = 994. What is the tens digit of f?
0
Let u(i) = -153*i - 31. Let p be u(-9). Suppose p = 4*m + 5*q, 3 = -4*q - 5. Suppose l + 2*l - m = 0. What is the units digit of l?
3
Let n(f) be the third derivative of f**6/120 + 2*f**5/15 + 3*f**4/8 + 7*f**3/6 - 16*f**2. Let z be n(-5). What is the units digit of z - (1 + (-3)/(-3))?
5
Suppose -104*a + 115611 + 794122 = 93541. What is the hundreds digit of a?
8
Suppose 6*s = 14034 + 1164. Let v = -1652 + s. What is the tens digit of v?
8
Let v(b) = 41*b**3 + 9*b**2 + 3*b - 14. Let n be v(6). Suppose -n = -4*g - 2128. What is the units digit of g?
4
Let z be ((-3)/(-2))/(4/(-24)). Let k be z + 294 - (-2)/(-2 + 0). Let l = k + -203. What is the units digit of l?
1
Let v(w) = 23*w**2 - 455*w - 39.